{"id":36,"date":"2016-08-05T18:23:25","date_gmt":"2016-08-05T18:23:25","guid":{"rendered":"http:\/\/colegiosantateresita.edu.py\/web\/?page_id=36"},"modified":"2019-08-21T12:29:42","modified_gmt":"2019-08-21T12:29:42","slug":"nuestra-filosofia","status":"publish","type":"page","link":"https:\/\/colegiosantateresita.edu.py\/web\/nuestra-filosofia\/","title":{"rendered":"Nuestra Filosof\u00eda"},"content":{"rendered":"<p dir=\"ltr\"><strong>Visi\u00f3n<\/strong><\/p>\n<p dir=\"ltr\">Es una instituci\u00f3n concebida y proyectada con la noble tarea de formar hombres y mujeres libres, responsables y emprendedores, verdaderos protagonistas de su propia vida y constructores de la sociedad Paraguaya.<\/p>\n<p dir=\"ltr\"><strong>Misi\u00f3n<\/strong><\/p>\n<p dir=\"ltr\">Es misi\u00f3n de la instituci\u00f3n la formaci\u00f3n integral de los educandos, sustentada en valores humanos y trascendentes, donde la ciencia, la cultura y la tradici\u00f3n, con la gu\u00eda de los maestros promuevan la comprensi\u00f3n de s\u00ed mismos y de toda realidad.<\/p>\n<p dir=\"ltr\"><strong>Metas<\/strong><\/p>\n<ul>\n<li dir=\"ltr\">\n<p dir=\"ltr\">Favorecer la adquisici\u00f3n de estudio personal.<\/p>\n<\/li>\n<li dir=\"ltr\">\n<p dir=\"ltr\">Fortalecer las habilidades de comunicaci\u00f3n oral y escrita.<\/p>\n<\/li>\n<li dir=\"ltr\">\n<p dir=\"ltr\">Afianzar el proceso de investigaci\u00f3n y la aplicaci\u00f3n del m\u00e9todo cient\u00edfico.<\/p>\n<\/li>\n<li dir=\"ltr\">\n<p dir=\"ltr\">Acompa\u00f1ar el desarrollo de las habilidades expresivas y art\u00edsticas.<\/p>\n<\/li>\n<li dir=\"ltr\">\n<p dir=\"ltr\">Consolidar destrezas deportivas y recreativas.<\/p>\n<\/li>\n<li dir=\"ltr\">\n<p dir=\"ltr\">Fortalecer el v\u00ednculo Familia-Escuela.<\/p>\n<\/li>\n<li dir=\"ltr\">\n<p dir=\"ltr\">Acompa\u00f1ar la formaci\u00f3n en los sacramentos y la vivienda comunitaria.<\/p>\n<\/li>\n<\/ul>\n","protected":false},"excerpt":{"rendered":"<p>Visi\u00f3n Es una instituci\u00f3n concebida y proyectada con la noble tarea de formar hombres y mujeres libres, responsables y emprendedores, verdaderos protagonistas de su propia vida y constructores de la sociedad Paraguaya. Misi\u00f3n Es misi\u00f3n de la instituci\u00f3n la formaci\u00f3n <a href=\"https:\/\/colegiosantateresita.edu.py\/web\/nuestra-filosofia\/\" class=\"read-more\">Leer m\u00e1s &#8230;<\/a><\/p>\n","protected":false},"author":1,"featured_media":0,"parent":0,"menu_order":0,"comment_status":"closed","ping_status":"closed","template":"","meta":{"footnotes":""},"class_list":["post-36","page","type-page","status-publish","hentry"],"_links":{"self":[{"href":"https:\/\/colegiosantateresita.edu.py\/web\/wp-json\/wp\/v2\/pages\/36","targetHints":{"allow":["GET"]}}],"collection":[{"href":"https:\/\/colegiosantateresita.edu.py\/web\/wp-json\/wp\/v2\/pages"}],"about":[{"href":"https:\/\/colegiosantateresita.edu.py\/web\/wp-json\/wp\/v2\/types\/page"}],"author":[{"embeddable":true,"href":"https:\/\/colegiosantateresita.edu.py\/web\/wp-json\/wp\/v2\/users\/1"}],"replies":[{"embeddable":true,"href":"https:\/\/colegiosantateresita.edu.py\/web\/wp-json\/wp\/v2\/comments?post=36"}],"version-history":[{"count":4,"href":"https:\/\/colegiosantateresita.edu.py\/web\/wp-json\/wp\/v2\/pages\/36\/revisions"}],"predecessor-version":[{"id":311,"href":"https:\/\/colegiosantateresita.edu.py\/web\/wp-json\/wp\/v2\/pages\/36\/revisions\/311"}],"wp:attachment":[{"href":"https:\/\/colegiosantateresita.edu.py\/web\/wp-json\/wp\/v2\/media?parent=36"}],"curies":[{"name":"wp","href":"https:\/\/api.w.org\/{rel}","templated":true}]}}